 5*n - 11*d + 10*d - 2194. Suppose 5*l + 1857 = 4*r, -r + 0*l + n = 4*l. What is the tens digit of r?
5
Let y(r) = 47*r - 26. Let k be (10 + -6 + 0)/2. What is the tens digit of y(k)?
6
Suppose c + 1392 = -2*c - 3*z, c = -5*z - 448. Let b = -1123 + 793. Let l = b - c. What is the units digit of l?
8
Suppose -986 = 6*r - 6590. Suppose 281 = 5*k - r. What is the hundreds digit of k?
2
Let o(k) = -21 - 75*k + 7 - 14 + 7 - 11. What is the hundreds digit of o(-3)?
1
Suppose -7*n + 5*a = -6*n + 15, a = 4. Suppose -j + 2 = 3*c + 22, -n*j + 5*c = 0. What is the tens digit of 277/5 + 2/j?
5
Suppose -g + 4*g = 315. Suppose -107*n + g*n + 680 = 0. What is the hundreds digit of n?
3
Suppose 234589 = n + 3*x, 5*n - 1172885 = x - 4*x. What is the thousands digit of n/152 + (-3)/(-4)?
1
Suppose 4*h - 5 + 13 = -3*c, 4*c - 2 = h. Suppose c = 5*o - 5, 3*u - 1819 = 5*o + 2097. What is the tens digit of u?
0
Suppose 5*y = y + 3*n + 16090, 0 = 4*y + 2*n - 16100. What is the units digit of y?
4
Let r = -37 - -70. Suppose 2*w - 3*j + 5 = 16, -5*j = 5*w - 90. Let d = w + r. What is the units digit of d?
6
Suppose 8*a + 0*a + 12984 = 0. Let x = a + 2861. What is the thousands digit of x?
1
Suppose -2*r + 430 = -7*r. Let z = 89 + r. Suppose 214 + 146 = z*k. What is the units digit of k?
0
Suppose -5*o - 10 = 0, 24*z - 4*o = 28*z + 4. What is the hundreds digit of z + (6 - 7 - -567)?
5
Let s(w) = 27*w**2 + 2*w - 11. Let g = 264 + -268. What is the hundreds digit of s(g)?
4
Suppose 0 = 12*s + 31*s - 19*s + 360. Suppose -3*w - 29 = 2*b - 5, -b - 10 = w. What is the units digit of (712/20)/(b/s)?
9
Let o(g) be the second derivative of -g**4/12 + 11*g**3/6 - 13*g**2 - 3*g. Let b be o(7). What is the tens digit of -98*(b/(-3))/((-8)/(-6))?
4
Let m be 598/8 + 5/20. Suppose 48 = -3*k + m. What is the units digit of k?
9
Let t = -13277 - -35140. What is the units digit of t?
3
Let h(s) = 8*s**3 - 31*s**2 - 23*s + 26. What is the hundreds digit of h(8)?
9
Suppose 31*d = 32*d + 441. Let p = 594 + d. What is the tens digit of p?
5
Let u(b) = -b**2 + 11*b**2 + 2*b + 417 - 4*b - 412. Let x be u(4). Let g = x - 26. What is the tens digit of g?
3
Let w(t) = t**2 - 3*t - 18. Let l be w(7). Suppose -l*s + 430 = -0. What is the units digit of s?
3
Let w(m) = m**2 - 5*m - 12. Let a be 2/7 - (-1584)/42. Suppose 2*u = 5*h - h - a, h - 23 = 2*u. What is the tens digit of w(u)?
1
Let c be 2 - (0 + -4 - (-6 + 4)). Suppose -1135 = -2*t + 3*m + 2*m, -5*m = -c*t + 2295. What is the units digit of t?
0
Suppose -23*k + 91438 = 20345. What is the units digit of k?
1
Let l = 51432 + -30739. What is the hundreds digit of l?
6
Let q = 16001 - 8579. What is the units digit of q?
2
Suppose -4*o + 5 = 3*s - 62, -73 = -3*s - o. Suppose -s*h + 3260 = -20*h. What is the tens digit of h?
5
Suppose 0 = 4*z + 5*k - 1, 0 = -2*z - 5*k - 5 + 18. Let l be (-1 - z/(-4))*68/(-85). Suppose -3*y - 20 = l*y, -5*y + 22 = 2*c. What is the units digit of c?
1
Let d(v) = -v**2 - 7*v + 1. Let q be d(-8). What is the units digit of (-5516)/(-24) + (7/(-6))/q?
0
Let q(a) = 22219*a + 0*a**2 + 4*a**2 - 22239*a - 22. What is the units digit of q(-8)?
4
Suppose u + 86 = 4*i, 32 = 3*i + u - 36. Suppose i*z - 3458 = 15*z. What is the units digit of z?
4
Let w(c) = c**3 + 31*c**2 - 16*c + 42. Let p(a) = 5*a**2 - 26*a + 3. Let n be p(3). What is the tens digit of w(n)?
2
What is the ten thousands digit of ((-2621850)/(-550))/(-1 + (-13)/(-12))?
5
Suppose -38251 = -4*s + l, -3*s + 17911 = 2*l - 10780. What is the thousands digit of s?
9
What is the units digit of (2/(-8))/((-38)/73112)?
1
Let c(y) = 243*y**3 + 11*y - 9. Let m be c(3). Suppose 16*d - d - m = 0. What is the tens digit of d?
3
Suppose 0 = -4*i + 2*u + 74, 0 = -5*i + 5*u - 0*u + 105. Suppose -3*z - 5*z = i. What is the tens digit of 51 + (-1 + 2 + -3)/z?
5
Suppose -5*i = j + 1398 + 2711, 0 = -4*i + 5*j - 3264. Let f = -444 - i. What is the tens digit of f?
7
Suppose 491*i - 246960 = 463*i. What is the hundreds digit of i?
8
What is the units digit of (1/(-9))/((-3573)/297 + 12)*4302?
4
Let y(u) = -3*u**2 - 42*u + 4. Let l be y(-14). Suppose 0*m = l*m + q + 15, -5 = -5*q. What is the hundreds digit of ((-3)/(-4))/(-7*m/4144)?
1
Let i(w) = -30*w**3 - 3*w**2 + w + 3. Let y be i(-1). Let b be (y + -7)*(-1 + 14). Suppose 5*l = 3*o - 847, b = o - 4*l + 6*l. What is the tens digit of o?
8
Let o = 6658 - 4768. What is the units digit of o?
0
Let n be 0 - -5 - 147/(-1). Suppose v - 272 = n. What is the units digit of v?
4
Let m be 12/5 - 2 - 1014/10. Let b = 328 + m. What is the tens digit of b?
2
Suppose 16 = 21*w - 13*w. Let f(q) = w*q + 22*q - 50*q + 13. What is the units digit of f(-5)?
3
Let f(u) = -12*u**2 + 61*u - 19. Let t be f(-6). Let o = 481 - t. What is the tens digit of o?
9
Let j = 133 - -128. Suppose -87 - j = -s. What is the units digit of s?
8
Let y = -92 + 92. Suppose 18*i - 32 - 4 = y. Suppose 5*a - i*a - 420 = -2*d, -4*a - d = -555. What is the units digit of a?
8
Let s = 386 - -55. Let n = 97 + s. What is the hundreds digit of n?
5
Let q(t) = 18*t**2 - 19*t - 6. Let g be q(-3). Suppose h + 1934 = 4*w, 1244 = 3*w - 4*h - g. What is the units digit of w?
3
Suppose -4*w = -42 + 34. Suppose 3 + 231 = w*x. What is the hundreds digit of x?
1
Suppose 0 = -k - 22 - 38. Let p = -798 + 906. Let r = p + k. What is the units digit of r?
8
Let y(k) = 29*k**2 - 4*k + 21. Suppose -10 = d - 3. Let t be y(d). Suppose -10*a + t = 330. What is the hundreds digit of a?
1
Let g(k) = -k**3 - 6*k**2 + 13*k - 24. Let p be g(-8). Suppose -3*n = r - 1220, 1205 = 3*n - p*r - 2*r. What is the units digit of n?
5
Suppose d + 46*c - 23732 = 48*c, -3*c = 5*d - 118725. What is the units digit of d?
2
What is the units digit of 21/56 - (3 - (-6195)/(-56))?
8
Let z be (5 + 0 - 4)/((-2)/(-16)). Suppose -2*r + 2952 = 3*p, -7*r + 4*p - 1466 = -z*r. What is the thousands digit of r?
1
Suppose -15*a + 3752 = -6853. Let q = a - 404. What is the hundreds digit of q?
3
Suppose 53843 + 65185 = 14*t. What is the tens digit of t?
0
Let t = -131 + -62. Let f = -76 - t. Suppose -2*i + f = l - 0*i, -339 = -3*l - 3*i. What is the hundreds digit of l?
1
Let d = 45 - -54. Let x = d - 137. Let w = -12 - x. What is the units digit of w?
6
Let i be (((-2)/3)/(-1))/(96/(-276624)). Let u = i - -2845. What is the tens digit of u?
2
Let i(a) = -a. Let n be -2 - 10/(-4) - (-4)/8. Let l(k) = 7*k + 12. Let v(b) = n*i(b) - l(b). What is the units digit of v(-3)?
2
Let f be ((-277)/2)/((-1)/2). Suppose 73 = -j + f. What is the hundreds digit of j?
2
Let w = -6526 - -6563. Let s be (0 + -6)/(1/(-6)). Let x = w - s. What is the units digit of x?
1
Let n = -2 - -9. Let j(d) = 27*d - 24. Let v(g) = 26*g - 24. Let x(y) = -4*j(y) + 5*v(y). What is the hundreds digit of x(n)?
1
Let b(y) = -38*y + 68. Let f be b(6). Let l = f + 221. What is the units digit of l?
1
Let n be (3/((-9)/(-3)))/((-7)/14). What is the tens digit of n/6 - (12429/(-27) + -1)?
6
Let v = 27 + -13. Suppose v = 2*s - 3*d, 2*d = 3*d + 2. What is the units digit of (s - (9 - 4))*-47?
7
Let q(x) = -416*x + 433. What is the hundreds digit of q(-20)?
7
Suppose 4*y - 2832 = -4*p, 4*y + 62*p - 2835 = 59*p. What is the units digit of y?
1
Suppose a + 5*y + 12 = 1, 3*a + 3*y = 3. Suppose -10*p + 8*p = -3*t + 278, 139 = -p - a*t. Let g = p + 307. What is the hundreds digit of g?
1
Suppose 0 = -8*g + 21 - 5. Suppose 2*i - 3*b - 1018 = 0, g*b = 3*i - 5*i + 998. What is the tens digit of i?
0
Let n = 89 - 86. Suppose 2*c + 10 = 0, 3*s - n*c + 6 = 21. Suppose -h + 105 - 104 = s. What is the units digit of h?
1
Let a be 162/(-126) + (-2)/(-7). What is the hundreds digit of -6*10/(-15) + (a - -222)?
2
Suppose 3353 = 5*u - 12*u. Let r = 1231 + u. What is the tens digit of r?
5
Suppose -3*f + 27 = 0, -28*y - 67944 = -29*y + f. What is the hundreds digit of y?
9
Suppose 29*m - 33*m + 8 = 0. Suppose -u - m*u = 4*y - 2981, -5*y + 4975 = 5*u. What is the units digit of u?
9
Let c be (-2332)/28 - 6/(-21). Let p = c + 314. What is the hundreds digit of p?
2
Let y(f) = -2*f - 36. Let u be y(-23). Let s be (-485)/u + 1/(-2). What is the units digit of (s + -2)/(-3)*(8 - 2)?
2
Suppose -76 = -3*h + 3*i + 125, 4*h + 3*i = 289. Suppose 131 + 74 - 57 = -37*j. What is the units digit of